{"id":9033,"date":"2021-03-23T12:19:37","date_gmt":"2021-03-23T11:19:37","guid":{"rendered":"https:\/\/www.ibiza-formentera-yachtcharter.com\/boote\/maestrale-8-2\/"},"modified":"2024-06-06T08:31:49","modified_gmt":"2024-06-06T06:31:49","slug":"maestrale-8-2","status":"publish","type":"product","link":"https:\/\/www.ibiza-formentera-yachtcharter.com\/es\/barcos\/maestrale-8-2\/","title":{"rendered":"Maestrale 8.2"},"content":{"rendered":"<p>C\u00f3moda lancha neum\u00e1tica de la emblem\u00e1tica firma italiana Maestrale. Con una capacidad de hasta 11 personas y un amplio solarium en la proa, es perfecta para cualquier ocasi\u00f3n. Cabina cubierta, con WC. Es muy espaciosa y bien distribuida. C\u00f3moda tanto para navegar como para darse un chapuz\u00f3n. Esta RIB es un modelo multiprop\u00f3sito que destaca por su robustez y calidad de sus acabados. 8,5 metros de largo y 3,18 metros de ancho, plataforma de ba\u00f1o con escalera, nevera y todos los accesorios necesarios para que sus vacaciones en Ibiza sean inolvidables.<\/p>\n<p style=\"margin: 0px 0px 10px;\"><strong>Inclu\u00eddo en el precio<\/strong><\/p>\n<ul style=\"margin-top: 0px; margin-bottom: 10px; color: #414141; font-family: 'Source Sans Pro', sans-serif; font-size: 18px;\">\n<li>Amarre en Marina Botafoch Ibiza<\/li>\n<li>Seguro todo riesgo<\/li>\n<li>Selecci\u00f3n de bebidas<\/li>\n<li>Impuestos de puerto<\/li>\n<li>Equipos snorkeling<\/li>\n<li>Equipo de Musica con Bluetooth<\/li>\n<li>IVA 21%<\/li>\n<\/ul>\n<p style=\"margin: 0px 0px 10px; color: #414141; font-family: 'Source Sans Pro', sans-serif; font-size: 18px;\"><strong>No inclu\u00eddo en el precio<\/strong><\/p>\n<ul style=\"margin-top: 0px; margin-bottom: 10px; color: #414141; font-family: 'Source Sans Pro', sans-serif; font-size: 18px;\">\n<li>Capit\u00e1n \u20ac217,8<\/li>\n<li>Combustible<\/li>\n<\/ul>\n","protected":false},"excerpt":{"rendered":"<p>C\u00f3moda lancha neum\u00e1tica de la emblem\u00e1tica firma italiana Maestrale. Con una capacidad de hasta 11 personas y un amplio solarium en la proa, es perfecta para cualquier ocasi\u00f3n. Cabina cubierta, con WC. Es muy espaciosa y bien distribuida. C\u00f3moda tanto para navegar como para darse un chapuz\u00f3n. Esta RIB es un modelo multiprop\u00f3sito que destaca por su robustez y calidad de sus acabados. 8,5 metros de largo y 3,18 metros de ancho, plataforma de ba\u00f1o con escalera, nevera y todos los accesorios necesarios para que sus vacaciones en Ibiza sean inolvidables.<\/p>\n","protected":false},"featured_media":7389,"comment_status":"open","ping_status":"closed","template":"","meta":{"_acf_changed":false},"product_brand":[],"product_cat":[106],"product_tag":[211,248,217,267],"class_list":{"0":"post-9033","1":"product","2":"type-product","3":"status-publish","4":"has-post-thumbnail","6":"product_cat-rib","7":"product_tag-boat","8":"product_tag-ibiza","9":"product_tag-motorboat","10":"product_tag-rib","12":"first","13":"instock","14":"virtual","15":"sold-individually","16":"purchasable","17":"product-type-booking"},"acf":[],"_links":{"self":[{"href":"https:\/\/www.ibiza-formentera-yachtcharter.com\/es\/wp-json\/wp\/v2\/product\/9033","targetHints":{"allow":["GET"]}}],"collection":[{"href":"https:\/\/www.ibiza-formentera-yachtcharter.com\/es\/wp-json\/wp\/v2\/product"}],"about":[{"href":"https:\/\/www.ibiza-formentera-yachtcharter.com\/es\/wp-json\/wp\/v2\/types\/product"}],"replies":[{"embeddable":true,"href":"https:\/\/www.ibiza-formentera-yachtcharter.com\/es\/wp-json\/wp\/v2\/comments?post=9033"}],"wp:featuredmedia":[{"embeddable":true,"href":"https:\/\/www.ibiza-formentera-yachtcharter.com\/es\/wp-json\/wp\/v2\/media\/7389"}],"wp:attachment":[{"href":"https:\/\/www.ibiza-formentera-yachtcharter.com\/es\/wp-json\/wp\/v2\/media?parent=9033"}],"wp:term":[{"taxonomy":"product_brand","embeddable":true,"href":"https:\/\/www.ibiza-formentera-yachtcharter.com\/es\/wp-json\/wp\/v2\/product_brand?post=9033"},{"taxonomy":"product_cat","embeddable":true,"href":"https:\/\/www.ibiza-formentera-yachtcharter.com\/es\/wp-json\/wp\/v2\/product_cat?post=9033"},{"taxonomy":"product_tag","embeddable":true,"href":"https:\/\/www.ibiza-formentera-yachtcharter.com\/es\/wp-json\/wp\/v2\/product_tag?post=9033"}],"curies":[{"name":"wp","href":"https:\/\/api.w.org\/{rel}","templated":true}]}}

<p>Cómoda lancha neumática de la emblemática firma italiana Maestrale. Con una capacidad de hasta 11 personas y un amplio solarium en la proa, es perfecta para cualquier ocasión. Cabina cubierta, con WC. Es muy espaciosa y bien distribuida. Cómoda tanto para navegar como para darse un chapuzón. Esta RIB es un modelo multipropósito que destaca por su robustez y calidad de sus acabados. 8,5 metros de largo y 3,18 metros de ancho, plataforma de baño con escalera, nevera y todos los accesorios necesarios para que sus vacaciones en Ibiza sean inolvidables.</p>
<p style="margin: 0px 0px 10px;"><strong>Incluído en el precio</strong></p>
<ul style="margin-top: 0px; margin-bottom: 10px; color: #414141; font-family: 'Source Sans Pro', sans-serif; font-size: 18px;">
<li>Amarre en Marina Botafoch Ibiza</li>
<li>Seguro todo riesgo</li>
<li>Selección de bebidas</li>
<li>Impuestos de puerto</li>
<li>Equipos snorkeling</li>
<li>Equipo de Musica con Bluetooth</li>
<li>IVA 21%</li>
</ul>
<p style="margin: 0px 0px 10px; color: #414141; font-family: 'Source Sans Pro', sans-serif; font-size: 18px;"><strong>No incluído en el precio</strong></p>
<ul style="margin-top: 0px; margin-bottom: 10px; color: #414141; font-family: 'Source Sans Pro', sans-serif; font-size: 18px;">
<li>Capitán €217,8</li>
<li>Combustible</li>
</ul>

<p>Cómoda lancha neumática de la emblemática firma italiana Maestrale. Con una capacidad de hasta 11 personas y un amplio solarium en la proa, es perfecta para cualquier ocasión. Cabina cubierta, con WC. Es muy espaciosa y bien distribuida. Cómoda tanto para navegar como para darse un chapuzón. Esta RIB es un modelo multipropósito que destaca por su robustez y calidad de sus acabados. 8,5 metros de largo y 3,18 metros de ancho, plataforma de baño con escalera, nevera y todos los accesorios necesarios para que sus vacaciones en Ibiza sean inolvidables.</p>
